in base 7?
3041613
Convert -121032021 (base 4) to base 11.
-70684
-1518122 (base 12) to base 9
-8020268
Convert -8636 (base 10) to base 9.
-12755
What is 224143553 (base 6) in base 12?
1467bb9
What is 1212120011111 (base 3) in base 16?
f2f86
What is -1904999 (base 10) in base 16?
-1d1167
-31003203332 (base 4) to base 3
-20102212201212
Convert 304121013 (base 5) to base 4.
10232131203
What is 4152050 (base 6) in base 12?
98626
-853e8 (base 16) to base 3
-1000201122122
-45755b (base 13) to base 14
-30b325
What is 20100201112102 (base 3) in base 4?
30321031001
What is 5227a0 (base 12) in base 7?
13652364
-256647 (base 12) to base 9
-1133331
What is 13042110 (base 5) in base 11?
88004
56197a (base 12) to base 7
14442052
1033134141 (base 5) to base 4
20202312301
What is 305039 (base 12) in base 6?
24104113
-323a31 (base 15) to base 12
-974184
1881329 (base 11) to base 9
5874464
Convert 1033556 (base 7) to base 12.
6101b
What is -257403 (base 8) in base 10?
-89859
-556571 (base 8) to base 13
-6760a
94326 (base 11) to base 5
13344414
27383 (base 16) to base 11
aa76a
1021112232 (base 4) to base 10
300462
Convert -8555a6 (base 12) to base 8.
-10015016
-3bdab (base 15) to base 16
-2ee56
What is -12c218 (base 13) in base 2?
-1101111000111100010
What is 15e75 (base 16) in base 11?
61451
Convert 749361 (base 15) to base 2.
10101001010110011010010
What is 77c176 (base 13) in base 11?
165aa15
What is 7098617 (base 10) in base 13?
1617086
Convert 19cea7 (base 16) to base 9.
3157025
141766 (base 8) to base 11
34766
-96730 (base 10) to base 16
-179da
Convert -7d5129 (base 16) to base 8.
-37250451
Convert -11a199 (base 11) to base 6.
-4020023
What is 8404 (base 12) in base 3?
201202111
What is -1246006 (base 8) in base 9?
-578163
2605424 (base 10) to base 15
366e9e
-104134444 (base 5) to base 4
-1233333331
Convert 207f8e (base 16) to base 2.
1000000111111110001110
What is 7377701 (base 8) in base 15?
28c7cc
What is -2010203 (base 6) in base 7?
-543021
What is 133223013301 (base 4) in base 14?
1161c9b
Convert 6f5d (base 16) to base 13.
cc90
What is -1001305 (base 7) in base 13?
-41a10
What is 1bb20b (base 12) in base 3?
221012201002
What is -20124505 (base 6) in base 3?
-1002000122212
What is 202b4f (base 16) in base 6?
113104211
Convert -5916066 (base 11) to base 2.
-100111011001111101101011
-211757 (base 13) to base 15
-10479e
What is 12545511 (base 6) in base 15?
84054
Convert -1a1c56 (base 15) to base 6.
-43131513
4b16b (base 13) to base 7
1115166
-1507565 (base 8) to base 14
-b2981
229d54 (base 16) to base 12
914958
Convert -232053555 (base 6) to base 13.
-b770ca
What is -102100102211 (base 3) in base 12?
-a9341
Convert 1113230344 (base 5) to base 15.
33ddb9
What is -27514 (base 16) in base 10?
-161044
Convert -138813 (base 11) to base 15.
-442a4
1110112121011 (base 3) to base 11
491807
What is 2b7b08 (base 14) in base 10?
1519596
Convert -12302121132 (base 4) to base 9.
-3311653
121321113 (base 4) to base 12
51473
What is 332dc (base 16) in base 9?
348500
Convert 37243c (base 14) to base 3.
10112221211020
867381 (base 9) to base 16
7e439
What is 55312411 (base 7) in base 4?
102022001320
Convert c43276 (base 14) to base 9.
13403742
-416357 (base 8) to base 13
-4b053
What is 145323434 (base 6) in base 3?
12202102200011
7738b0 (base 12) to base 9
3505276
Convert 786196 (base 11) to base 6.
42503305
What is 421541250 (base 6) in base 11?
41837a1
What is 220010000110 (base 3) in base 10?
474591
Convert 1303444 (base 5) to base 15.
784e
1110000100110100 (base 2) to base 3
2221002021
53544106 (base 7) to base 9
8528001
1703a4 (base 14) to base 10
807468
-10210001111 (base 3) to base 4
-102022132
Convert 10110001101110111100001 (base 2) to base 5.
2442331334
Convert 44e66 (base 15) to base 14.
59c86
Convert 1427570 (base 8) to base 11.
257617
-11220222211110 (base 3) to base 11
-1528802
Convert -11100211112011 (base 3) to base 12.
-93a257
What is 7851958 (base 10) in base 3?
112202220212021
Convert -234212441 (base 5) to base 7.
-12140230
a4baab (base 12) to base 13
6c9947
What is -313032322 (base 4) in base 14?
-5c638
-23122324 (base 5) to base 13
-737a8
Convert -a93355 (base 13) to base 8.
-17127673
What is -4d7c8d (base 14) in base 3?
-12000202211101
2312122 (base 4) to base 13
5410
Convert -10100001001101100010 (base 2) to base 9.
-1215711
Convert 5378650 (base 9) to base 12.
b72616
Convert -557c9 (base 15) to base 13.
-9690c
-3243231 (base 7) to base 16
-61002
Convert 2565 (base 14) to base 13.
2ca5
Convert -11134124 (base 5) to base 7.
-562321
-13d80 (base 16) to base 13
-2acc4
7e2de3 (base 16) to base 14
1153831
What is 12321200002 (base 4) in base 16?
1b9802
What is 166106 (base 9) in base 8?
310734
Convert 442032203 (base 5) to base 16.
1d1ecc
2cc6d (base 15) to base 11
99672
-10100010000000010100 (base 2) to base 6
-22120032
Convert -42440310 (base 5) to base 10.
-358830
Convert -4469a (base 11) to base 3.
-10021210011
What is 2198866 (base 10) in base 15?
2d67b1
-84882a (base 11) to base 15
-1bc84a
20200220110 (base 3) to base 4
200030220
23452523 (base 7) to base 2
111111011110111010110
What is 131221003 (base 4) in base 16?
1da43
855ae (base 15) to base 6
13023032
1001000021 (base 3) to base 12
b997
-10120550 (base 6) to base 7
-2316660
-1012202101201 (base 3) to base 16
-9d675
Convert 227763 (base 9) to base 7.
1110156
Convert -163657 (base 10) to base 4.
-213331021
-4418799 (base 10) to base 16
-436cef
Convert -136741 (base 8) to base 13.
-19182
What is -15387 (base 9) in base 16?
-2920
2546423 (base 7) to base 2
1010000110111001000
Convert 14279a2 (base 11) to base 12.
9a5065
What is -4a2b5 (base 13) in base 7?
-1106354
What is 1011404 (base 7) in base 6?
2330145
Convert 11111121 (base 5) to base 13.
355b5
Convert -11012211112 (base 3) to base 11.
-57391
What is 4c181 (base 14) in base 3?
100111101021
What is 243212 (base 9) in base 5?
14143302
What is 335540430 (base 6) in base 13?
13770cc
305523 (base 8) to base 4
120231103
1131301 (base 5) to base 14
7838
Convert 3030313032 (base 4) to base 11.
523495
-186841 (base 12) to base 6
-13045321
Convert -16214416 (base 8) to base 3.
-21001010000100
Convert 2bb41 (base 15) to base 11.
96961
Convert 644429 (base 10) to base 14.
12abc9
What is -108105 (base 9) in base 13?
-23756
What is -532674 (base 10) in base 12?
-218316
What is -4759 (base 16) in base 2?
-100011101011001
Convert -83552 (base 12) to base 13.
-602b7
1364395 (base 10) to base 12
5596b7
-4121111 (base 5) to base 8
-202727
What is -69405b (base 13) in base 14?
-48cab5
-639944 (base 10) to base 14
-129304
What is -32231123330 (base 4) in base 8?
-16553374
-1111110100111111101010 (base 2) to base 11
-2384414
Convert -1111133102 (base 4) to base 5.
-42201122
What is 123002220 (base 4) in base 9?
177836
Convert -242532322 (base 6) to base 3.
-22200111102112
1100110101010001 (base 2) to base 6
1043201
What is -3333343132 (base 5) in base 13?
-1695cc7
What is 112203103 (base 5) in base 7?
4210060
What is -222819a (base 13) in base 14?
-156806a
Convert -157564 (base 9) to base 16.
-17c8c
Convert 1012112120211 (base 3) to base 9.
1175524
What is -413340132 (base 5) in base 11?
-a60885
What is 514030 (base 7) in base 11?
5aa95
-4300314 (base 5) to base 11
-4a078
Convert 3000322 (base 7) to base 5.
42244420
What is -12210123 (base 4) in base 9?
-40816
What is d75a4 (base 16) in base 5?
211211314
What is -217656 (base 12) in base 5?
-114001201
Convert -5aef4 (base 16) to base 9.
-626833
What is -4104341 (base 6) in base 13?
-6ac27
18414 (base 15) to base 7
444664
-22102012111 (base 3) to base 10
-165631
101111100110111110100 (base 2) to base 8
5746764
What is -756581 (base 10) in base 5?
-143202311
Convert -1015247 (base 8) to base 2.
-1000001101010100111
Convert -3623303 (base 7) to base 15.
-91365
What is 2303213001 (base 4) in base 12?
2b58a9
What is -10214012 (base 5) in base 4?
-110320003
-26993 (base 15) to base 10
-123663
What is -86933 (base 16) in base 13?
-163b86
What is -1103125 (base 6) in base 5?
-3231013
What is -1117324 (base 12) in base 14?
-611004
Convert -57c0a7 (base 14) to base 10.
-2991107
-363313 (base 8) to base 13
-44951
Convert 4882b3 (base 12) to base 4.
10132332213
Convert -2022121101 (base 4) to base 12.
-234069
-11200